on factor of 58233537 and 513.
171
Calculate the greatest common factor of 126 and 191506.
14
Calculate the greatest common divisor of 3345855 and 60.
15
What is the highest common factor of 2112352 and 1062177?
6001
Calculate the highest common factor of 3552480 and 180000.
1440
What is the highest common factor of 67 and 169516901?
67
Calculate the highest common factor of 960 and 55370400.
480
Calculate the highest common factor of 2590225 and 44.
11
What is the greatest common factor of 337820 and 68210?
190
Calculate the greatest common divisor of 8743826 and 910.
182
What is the highest common divisor of 447958 and 226591?
653
What is the greatest common factor of 31768 and 13047984?
2888
Calculate the greatest common factor of 46210896 and 816.
816
What is the highest common factor of 191180 and 290325?
395
Calculate the greatest common divisor of 29626740 and 18135.
585
Calculate the greatest common factor of 12736527 and 2173.
41
Calculate the greatest common divisor of 21177 and 134528069.
2353
What is the highest common factor of 11021 and 7138719?
107
What is the highest common divisor of 36 and 18315816?
12
Calculate the highest common divisor of 9 and 236300727.
3
What is the highest common divisor of 1770780 and 38940?
660
Calculate the highest common divisor of 468 and 1036802.
26
What is the greatest common factor of 27164656 and 7760?
1552
What is the greatest common factor of 14 and 18530974?
14
Calculate the highest common divisor of 537291899 and 53.
53
Calculate the highest common divisor of 23821611 and 1045.
209
What is the greatest common factor of 911162836 and 892?
892
Calculate the greatest common divisor of 10330148 and 36163.
1247
What is the greatest common factor of 16738888 and 3172?
244
Calculate the highest common factor of 51124452 and 36.
12
What is the greatest common factor of 132 and 39745836?
12
Calculate the greatest common factor of 2210 and 1866800.
130
Calculate the highest common divisor of 78689 and 17303.
13
What is the highest common divisor of 540 and 743557860?
540
Calculate the highest common factor of 21903 and 388227.
147
What is the highest common divisor of 5103 and 85315599?
729
Calculate the highest common divisor of 2578 and 1016424193.
1289
Calculate the highest common divisor of 1584916 and 772.
772
Calculate the highest common factor of 945 and 15422211.
189
What is the greatest common factor of 61552176 and 420?
84
Calculate the highest common factor of 122852177 and 161.
161
Calculate the greatest common divisor of 157395 and 67935.
105
What is the greatest common factor of 1762155 and 152514?
2061
What is the highest common divisor of 6128 and 606289?
383
What is the greatest common factor of 510 and 4196970?
30
What is the highest common factor of 306117 and 2803643?
4859
What is the highest common factor of 1870 and 14138410?
110
What is the greatest common factor of 264 and 890804739?
33
Calculate the greatest common factor of 5358240 and 1360.
80
What is the highest common divisor of 34420724 and 36790?
7358
Calculate the highest common factor of 1093 and 605816017.
1093
Calculate the greatest common divisor of 9450583 and 1355.
271
What is the greatest common factor of 325 and 1704850?
25
What is the greatest common factor of 118352 and 48061?
13
What is the highest common factor of 2 and 46325603?
1
Calculate the greatest common factor of 123 and 5743.
1
Calculate the highest common divisor of 96368067 and 19905.
3981
What is the greatest common divisor of 2378 and 221559449?
1189
Calculate the highest common factor of 6365 and 3950119.
1273
Calculate the greatest common factor of 130 and 105021410.
130
What is the highest common factor of 163968 and 105189?
21
Calculate the highest common factor of 1885 and 14549938.
377
What is the highest common divisor of 91 and 764270?
13
Calculate the greatest common factor of 5826043 and 6634.
107
What is the highest common factor of 6100548 and 140442?
1578
Calculate the highest common factor of 736 and 14070664.
184
What is the highest common factor of 199983246 and 4959?
1653
Calculate the highest common divisor of 16917860 and 100.
20
What is the highest common divisor of 120779716 and 1012?
92
Calculate the highest common divisor of 16320 and 1024640.
320
Calculate the greatest common factor of 716355849 and 9372.
2343
What is the greatest common factor of 9053668 and 8437?
767
Calculate the greatest common divisor of 38714 and 1253738.
2978
Calculate the highest common divisor of 29034 and 18539822.
3226
Calculate the greatest common divisor of 1573510999 and 1238.
619
What is the greatest common factor of 111935320 and 42?
14
Calculate the greatest common divisor of 33814600 and 264.
8
What is the highest common factor of 1680 and 13295940?
420
Calculate the highest common divisor of 30765253 and 61232.
3827
What is the greatest common factor of 10610 and 13690?
10
Calculate the greatest common factor of 24366 and 298344.
186
What is the highest common divisor of 116 and 28611429?
29
Calculate the greatest common factor of 9712 and 316919556.
2428
Calculate the greatest common factor of 1718558850 and 1158.
1158
What is the highest common factor of 11574 and 2678738?
1286
What is the greatest common factor of 18647 and 92525128?
643
What is the highest common divisor of 13 and 93920710?
13
Calculate the greatest common divisor of 408356571 and 497.
497
Calculate the highest common divisor of 97992 and 66132.
36
What is the greatest common factor of 52653 and 11142?
3
Calculate the greatest common divisor of 25605 and 62595.
45
What is the greatest common factor of 13176 and 26572698?
3294
Calculate the greatest common divisor of 8734 and 24764066.
794
What is the greatest common divisor of 62316540 and 90?
90
Calculate the greatest common divisor of 251064 and 80289.
99
What is the highest common divisor of 366920 and 295?
5
What is the greatest common factor of 240210 and 9588?
102
Calculate the highest common factor of 40524 and 1520706.
66
Calculate the greatest common factor of 5526702 and 81909.
4311
Calculate the highest common divisor of 60819659 and 184.
23
Calculate the highest common factor of 444 and 152196.
12
Calculate the highest common factor of 9936 and 37803888.
432
Calculate the highest common divisor of 40280 and 9813215.
5035
Calculate the greatest common divisor of 152 and 34596568.
152
Calculate the greatest common divisor of 77443 and 40463.
43
What is the greatest common divisor of 2052 and 10263078?
1026
What is the greatest common factor of 20872 and 52720?
8
Calculate the greatest common factor of 7284 and 118771083.
1821
What is the highest common divisor of 10170692 and 1288?
644
Calculate the greatest common divisor of 65 and 9605.
5
Calculate the highest common factor of 566315 and 1120597.
191
Calculate the highest common divisor of 2912035 and 11571.
3857
Calculate the highest common factor of 997970 and 4140.
230
Calculate the greatest common factor of 20042707 and 480970.
6871
What is the highest common divisor of 311444 and 341971?
343
What is the highest common factor of 1080 and 977880?
120
Calculate the greatest common divisor of 267 and 3932971677.
267
Calculate the greatest common factor of 25089848 and 37.
37
What is the highest common factor of 2004133668 and 24?
12
What is the highest common divisor of 297 and 6881094?
99
What is the highest common factor of 6430454 and 14756?
1054
Calculate the greatest common divisor of 11809 and 728973.
49
Calculate the highest common factor of 317558 and 58426846.
3826
Calculate the highest common factor of 100516 and 79404.
52
Calculate the highest common divisor of 36 and 5213268.
36
What is the highest common factor of 2769750 and 25?
25
Calculate the highest common divisor of 6 and 380278858.
2
Calculate the highest common factor of 205208 and 1336576.
1816
Calculate the greatest common factor of 4148 and 163096249.
1037
Calculate the greatest common factor of 21384 and 17113896.
216
What is the highest common divisor of 14980 and 31978555?
3745
What is the greatest common divisor of 213475 and 111025?
25
What is the greatest common divisor of 313 and 538323?
1
What is the greatest common divisor of 33846211 and 3908?
977
Calculate the h